 Let x = 4 - 9. What is the remainder when h(-3) is divided by (x + (-39)/6)/(2/(-4))?
20
Let c(x) = -x**2 + 15*x - 9. Let u be c(11). Let w = 74 - u. Let i = w - 33. What is the remainder when 14 is divided by i?
2
Let k(x) = 2*x - 7. Let r(p) = 4*p - 14. Let h(j) = -7*k(j) + 3*r(j). Let f(l) = l**3 - 3*l**2 - 3*l + 5. What is the remainder when h(-5) is divided by f(4)?
8
Let f be (-5 - -25) + (-1 + -2 - -2). Suppose j = 5*w + f, j - 3*w = -j + 24. Calculate the remainder when 34 is divided by j.
7
Let o be (2/4)/((-6)/(-48)). Suppose -o*u + 72 = 2*u. Let a = 1 + u. What is the remainder when 50 is divided by a?
11
Suppose -5*h - 5*y - 350 = 0, 3*h + y = -28 - 186. Let d = 120 + h. What is the remainder when 238 is divided by d?
46
Let i = 35 - 33. Suppose i*l + t = -2*l + 380, 4*l - 5*t - 380 = 0. What is the remainder when ((-52)/(-10))/(38/l) is divided by 5?
3
Let t = -22 + 31. Suppose -5*w - 14*g + 18*g = 101, 0 = w - 4*g + 17. What is the remainder when 80/3 - (w/9 - -3) is divided by t?
8
Let o = -961 - -1081. What is the remainder when o is divided by 35?
15
Let k = 618 - 382. Calculate the remainder when k is divided by 48.
44
Let g(m) = 42*m**3 - 3*m - 3. Let h(k) = -125*k**3 + 8*k + 8. Let t(x) = -8*g(x) - 3*h(x). What is the remainder when 114 is divided by t(1)?
36
Suppose 0 = h - 0 + 7. Let c = h - -12. Calculate the remainder when c is divided by 4.
1
Let d = 20 + -16. Suppose d*y = x + 2*y - 37, -y = -2. What is the remainder when x is divided by 4?
1
Let t = 43 + -19. Suppose -11 = 3*g - 3*f + 5*f, -g - 13 = 3*f. Calculate the remainder when t is divided by (g/3)/((0 - -1)/(-39)).
11
Suppose r + 4*v + 16 = 2*r, 0 = 4*r + 5*v - 43. What is the remainder when 26 is divided by 6 - 0 - (11 - r)?
5
What is the remainder when 104 is divided by ((-280)/(-60))/((-2)/(-24))?
48
Suppose 1406 = 30*s - 4324. What is the remainder when s is divided by 12?
11
Let f = -44 - -96. Suppose 4*z = 2*m - z - f, 3*m - 36 = -3*z. Suppose -7*t + m = -3*t. Calculate the remainder when 5 is divided by t.
1
Let y = -19 + 10. Let u = 32 + y. What is the remainder when u is divided by (-204)/85*(-1 - 6/4)?
5
Suppose 29 + 11 = 2*b. Let o be (-561)/(-68) + (-2)/8. Let v = 15 - o. Calculate the remainder when b is divided by v.
6
Let w be 1/(-6) - 53/6. Let b = w + 12. Let q = 48 - b. What is the remainder when q is divided by 23?
22
Let l = 70 + -34. What is the remainder when 47 is divided by l?
11
Suppose 2*d = -l + 19 + 96, -3*d = -15. Calculate the remainder when l is divided by 42.
21
Let m(v) = 2*v + 10. Let j be m(-5). Suppose -4*q + d + 3 = j, -4*d - 6 - 6 = 2*q. Let i(p) = p**2 + 2*p + 11. What is the remainder when i(q) is divided by 6?
5
Let o be 5/20 - 86/(-8). Let l = -6 + o. Let d(v) = v**2 + 5*v. What is the remainder when d(-7) is divided by l?
4
Let q(w) = w**2 + 14*w - 8. Let o be q(-15). Suppose 0 = -3*g + 11 + o. Calculate the remainder when 21 is divided by g.
3
Suppose -44 = 6*z - 2*z. Let k = z - -23. Let t = 69 - 22. What is the remainder when t is divided by k?
11
Let a = -164 - -181. What is the remainder when a is divided by 4?
1
Suppose -5*r + 53 = -4*w, 6*w - w - 2 = r. Suppose -9*y = -r*y + 108. Calculate the remainder when 75 is divided by y.
21
Let l = 3 - 0. What is the remainder when (l - 2/2) + 75 is divided by (52/16 - 3) + (-204)/(-16)?
12
Let x = 13 - 11. Suppose 0 = 2*c - 6*f + x*f - 186, 4*c + f = 345. Suppose -21 - 23 = -2*z. Calculate the remainder when c is divided by z.
21
Suppose 5*y + 176 = 16*y. Suppose -i = -4*n + 267, 4*n - y = -3*i + 239. Calculate the remainder when n is divided by 17.
15
Suppose -5*g + 2*n + 134 = 0, 3*g - 86 = -27*n + 31*n. What is the remainder when 1350 is divided by g?
24
Suppose 16*n = 21*n - 95. Suppose -n*m + 15*m = -48. Calculate the remainder when 31 is divided by m.
7
Let n(j) = -8*j + 234. Calculate the remainder when n(9) is divided by 3.
0
Suppose -112*m + 119*m - 350 = 0. Calculate the remainder when m is divided by 28.
22
Let y(q) = -13*q. Let l be y(-2). Let k = 41 - l. What is the remainder when (-788)/(-14) + (-2)/7 is divided by k?
11
Let h be 2/8 - (-114)/24. Let a = h + 17. What is the remainder when 65 is divided by a?
21
Let g = 2138 + -2131. What is the remainder when 82/8 + (-1)/4 is divided by g?
3
Let h = -121 + 159. Calculate the remainder when 189 is divided by h.
37
Suppose 3*r - 36 = -z, 2*z - 51 - 21 = -5*r. Suppose 4*x + h - 2*h - 548 = 0, -137 = -x + 5*h. Calculate the remainder when x is divided by z.
29
Suppose -2*p = 162 - 198. Suppose 0 = -2*q - 2*q + 284. What is the remainder when q is divided by p?
17
Calculate the remainder when (-8652)/(-48) - 2/8 is divided by 62.
56
Suppose g - 20 = -7. Calculate the remainder when (54/(-12) - -5)/(2/88) is divided by g.
9
Suppose 4*k = 5*d - 2615, -d - 2*d + 1577 = -4*k. Suppose 5*b - t - 483 = 142, 4*b = -3*t + d. Calculate the remainder when b is divided by 32.
30
Suppose 27*b - 520 + 7 = 0. Calculate the remainder when (-1)/(-2) + (-588)/(-8) is divided by b.
17
Let p(a) = -4*a**2 + 6. Suppose 5*c + 32 = -2*v, 3*v - 7 = 5. Let y be p(c). What is the remainder when (-2)/(-6) + y/(-6) is divided by 15?
12
Calculate the remainder when 152 is divided by (-6 - -94)*(6 - 23/4).
20
Suppose 0 = 3*s, -2*s = -2*w - 13 + 57. What is the remainder when 147 is divided by w?
15
Suppose -8*k - 465 = -39*k. Calculate the remainder when 54 is divided by k.
9
Suppose 0 = 12*b + 79*b - 6461. Calculate the remainder when b is divided by 24.
23
Suppose 0*x - 30 = -5*x - 5*k, -5*k = 2*x - 27. Calculate the remainder when 12 is divided by x - -5 - (-3)/((-3)/2).
0
Let d(l) = -l + 126. Let m be d(0). Let x be (-8)/(-44) + m/33. Let y = 79 - x. Calculate the remainder when y is divided by 19.
18
Let s(u) = -32*u - 210. Calculate the remainder when 56 is divided by s(-7).
0
What is the remainder when (-48)/216 + (-184)/(-18) is divided by 5?
0
Let o be (9/(-6))/(-3)*36/3. Suppose 2*b + 48 = o*b. Calculate the remainder when b is divided by 9.
3
Suppose -10*i = -4*i - 180. Suppose 4*c + i - 126 = 0. Calculate the remainder when 94 is divided by c.
22
Suppose 16 = -33*s + 31*s. Let l(d) = d**2 + 5*d - 6. Calculate the remainder when l(s) is divided by 4.
2
Let u = -492 - -534. Calculate the remainder when 332 is divided by u.
38
Suppose 0 = 2*v - 3*u - u - 514, -3*v = -2*u - 779. Suppose -6*c + 693 = -v. What is the remainder when c is divided by 54?
51
What is the remainder when 26 is divided by (-239)/(-16) - (-4)/64?
11
Let b be 3/(-2)*826/(-21). Let u = b - 24. Suppose -3*d = 5*y - 38, -3*d - 3*y + y = -u. What is the remainder when 21 is divided by d?
10
Let p be 1 - (-7 - 12/(-4)). Let s be -3*(-3 + (p - 3)). Suppose -5 + 17 = s*m. Calculate the remainder when 10 is divided by m.
2
Let o = 115 + -103. What is the remainder when 1/(-6) + (-121)/(-6) is divided by o?
8
Let f be (-616)/(-6) + 5/(30/(-4)). Let q = f + -89. Let n = -35 - -71. What is the remainder when n is divided by q?
10
Let u(b) = -b - 2. Let k(m) = 1. Let x(s) = -8*k(s) - 3*u(s). Calculate the remainder when x(2) is divided by 3/((-15)/(-2)) + (-351)/(-135).
1
Let i(v) = -v - 13. Let j be i(-17). Let n(h) = 2*h. Calculate the remainder when 22 is divided by n(j).
6
Suppose -c = -2*g + 138, 3*g - 36*c + 35*c = 205. Calculate the remainder when 1070 is divided by g.
65
Let u be (-260)/9 + 4/(-36). Let m = u - -34. Calculate the remainder when 6 is divided by m/(-2)*72/(-30).
0
Suppose 10 = -m - 0*m + 2*a, -4*a + 20 = 0. Suppose -5*b + j - 5*j + 42 = m, -3*b - j = -28. Suppose 3*t - t = 58. What is the remainder when t is divided by b?
9
Suppose -4*h + q = -49, -3*h - h = 4*q - 64. What is the remainder when 36 is divided by h?
10
Let z be ((-360)/(-140))/(6/28). Let o(w) = w - 12. Let t be o(z). Suppose t = 2*h + h - 102. Calculate the remainder when h is divided by 12.
10
Suppose 2*x = -3*l + 31, 0 = 6*l - 4*l + 2*x - 18. Calculate the remainder when 486 is divided by l.
5
Let n(z) = 16*z**3 + z**2. Suppose 2*x + 1 - 3 = 0. Suppose -53*v - 48 = -61*v. What is the remainder when n(x) is divided by v?
5
Let o(s) = -2*s + 1. What is the remainder when 59 is divided by o(-23)?
12
Let a(g) = 2*g**3 + 3*g**2 + 5*g + 5. What is the remainder when a(4) is divided b